et d = l + i. Is d a composite number?
False
Let t(w) = -w - 12. Let m(z) = z + 11. Let d(h) = -5*m(h) - 4*t(h). Let k be d(-13). Suppose -1492 = -k*s + 2*s. Is s composite?
False
Let o(n) = 2*n - 3. Let p be o(-7). Is -15 - p - (-1*234)/2 a prime number?
False
Let u = 329 - 530. Let k(q) = -9*q**2 - 3*q + 18. Let m be k(6). Let y = u - m. Is y prime?
False
Let r = -49 - -47. Let z(x) = -586*x - 3. Is z(r) composite?
True
Let v = -66 - -34. Let r = 159 - v. Is r a prime number?
True
Let n(z) be the second derivative of 17*z**3/2 - 9*z**2/2 + 3*z. Let a be n(6). Suppose -a = -2*g + 113. Is g prime?
False
Let w be 25/25 - (-6)/2. Suppose 4*j + 3 = h, w*j - 41 = -2*h + 1. Is h a prime number?
False
Let r be (-3)/2*2316/(-18). Let x = 9 - 6. Suppose -o + r = -x*c, -5*c + 8*c = -4*o + 802. Is o a prime number?
True
Let u(l) = 18*l**2 + 2*l - 3. Let y be u(-6). Suppose -4*a + y = -a. Is a a composite number?
False
Let j(b) = 104*b + 15. Suppose 4*z - 6 = 14. Is j(z) a prime number?
False
Is 305/183 + 256984/3 + -2 composite?
False
Let s(f) = -f**3 - 15*f**2 + 9*f + 22. Let n be s(-17). Let v = n + -92. Is v a prime number?
False
Let t(u) = -2*u - 5. Let v be t(-5). Suppose 0 = -4*g + v*g. Is 255/3 - (-2 - g) a composite number?
True
Suppose 5*h + 2 - 12 = 0. Let a(r) = r**3 + r - h*r**3 + 0*r**3 - r**2 - 1. Is a(-4) composite?
False
Suppose 0 = -x - 0 + 2. Suppose x*p + 3*s = -s + 20, -s = -3*p + 23. Is 2*1 - (-100 + p) a prime number?
False
Suppose -10 = -a - 4*s, -3*a + 4*s - 22 = 3*s. Let b be a/14 - 155/(-35). Suppose 4*k - b*l = 840, -k - 3*l = k - 425. Is k composite?
False
Let a(z) = -13*z**2 + 6*z + 9. Let o(g) = -12*g**2 + 5*g + 10. Let h(y) = 5*a(y) - 6*o(y). Is h(4) a prime number?
True
Let g = 21 + -16. Let v(a) = a**3 - 7*a**2 + 4. Let q be v(g). Let k = -3 - q. Is k composite?
False
Is (-7 - 71624/(-16))*(-16)/(-56) composite?
False
Suppose 0*b - 7050 = 6*b. Let p = b - -2242. Is p composite?
True
Let k be (8/(-4) + -12)*-1. Suppose -n = -5*q - 6 - 8, -5*n - 3*q + k = 0. Suppose -5*o + 739 = -5*l - 2641, -3389 = -5*o - n*l. Is o composite?
False
Suppose 0 = 6*r - 2*r - 32. Let f be 212/26 + r/(-52). Is 101/2 + 4/f a composite number?
True
Suppose -4*m + 21 + 15 = 0. Is (-6)/m*16098/(-4) a prime number?
True
Let t(a) = -94*a**3 - a**2 + 8*a + 2. Is t(-3) prime?
False
Let o be 1*58/4*2. Let v be (o/2)/(12/600). Is (v/10)/(1/2) a composite number?
True
Suppose 8*y + s = 7*y + 10972, 2 = -2*s. Is y prime?
True
Suppose -2*z + 4 = -4*a, a - 1 = -5. Is (199 - (z + 6/2)) + 3 a prime number?
False
Let k(n) = -n - 1. Let a be k(-7). Suppose 3*i + a + 0 = 0. Is 188 - (2 + 1 + i) a prime number?
False
Let f(v) = 3*v**3 - 6*v**2 + 4*v + 5. Let u be f(7). Suppose 0 = -h - 287 + u. Suppose 3*i - 2*a - h = 0, -3*a = -3*i - 0*a + 480. Is i prime?
False
Let s be (3 - 0) + (11 - 12). Suppose k = s*k + b - 908, -2726 = -3*k - 5*b. Is k a prime number?
True
Let q(j) = -6*j**3 + 7*j**2 - 3*j - 7. Let w be q(4). Let m = 935 - w. Is m composite?
True
Let z = -771 - -1330. Let g = -191 - -328. Suppose -g = 2*d - z. Is d a prime number?
True
Is (71116/8 - 5)*(-6)/(-9) composite?
False
Let v(a) = 13*a**2 - 10*a + 5. Suppose 0 - 18 = 3*y. Is v(y) a prime number?
False
Let a = -24 - -24. Suppose -545 = -a*c - 5*c. Is c composite?
False
Let z be (0/(-8 + 4))/(2 + -4). Suppose z = -0*u - 4*u + 536. Is u composite?
True
Let d(k) = 10*k - 3 - 1 + 0*k - 1. Let z be d(5). Suppose 2*o = 863 - z. Is o a composite number?
False
Let a = -39 - -43. Suppose -a*i + 4417 = 3*i. Is i composite?
False
Suppose -32*n + 3405 = -27*n. Suppose -n = 5*d - 10946. Is d a composite number?
False
Let j = 10 - -4. Suppose j*u = 19*u - 2035. Is u composite?
True
Is 4/((-40)/(-70)) - -2484 composite?
True
Let s = -3099 + 4736. Is s prime?
True
Let z(q) = 3*q**2 - 7 - 5*q**2 + 9*q + q**2. Let b be z(7). Let k(a) = a**2 - 6*a + 4. Is k(b) prime?
True
Suppose 0 = -5*j + 4*r + 2347, 0 = 10*j - 11*j - 2*r + 475. Is j composite?
True
Suppose 6*b - 2*b = 8. Let x be 6/b + -2 + 0. Is 75 + x + (-8)/(-8) prime?
False
Suppose 5 = g + 5*h, -2*g + h + 11 = -g. Suppose 2 - g = -2*i. Is 626/i + 1/2 composite?
False
Suppose 4*s = -s. Is -15 + 338 + (s - -3) a composite number?
True
Suppose -4*t = 0, 3*f + 0*t + t = -5295. Let d = -944 - f. Is d composite?
False
Suppose h - 2490 = 3809. Is h composite?
False
Is (-48)/(-64) - 2689/(-4) prime?
True
Let z(n) = -n. Suppose -4*q = i - 34 + 5, q - 21 = -3*i. Let r be z(q). Is (20/r)/((-6)/153) a prime number?
False
Let f = 61 + -58. Suppose 0 = f*s - 4140 + 957. Is s prime?
True
Suppose 2*y - 8285 = -5*w, -2*w + 20*y - 15*y = -3314. Is w prime?
True
Suppose 0 = -3*k + k + 4. Suppose -k*f - 6 - 8 = 0. Let z(j) = 2*j**2 - 5*j + 16. Is z(f) a composite number?
False
Let o be (-14)/(-3) - 1/(-3). Let i(n) = -3 - o*n**2 + 2*n - 2 - 8*n - n**3. Is i(-4) composite?
False
Let n = -34 - -42. Suppose n*p = -1080 + 2608. Is p a prime number?
True
Let z(m) = m**3 + 8*m**2 - 7*m. Let p be z(-9). Let n = 21 + p. Suppose -4*g + n*h = -1173, -4*g + 2*h + 0*h + 1170 = 0. Is g a composite number?
True
Let r = 8894 - 6315. Is r composite?
False
Let t(u) = 3*u**2 - u + 1. Let d(a) = 14*a**3 + a. Let i be d(-1). Is t(i) prime?
True
Is 0/(-2 - 5) - -6839 composite?
True
Let y(t) = 12*t**2 - 19*t + 29. Is y(-24) composite?
True
Suppose -3 = -i - 4. Let x be i/(-1) + -5 + 355. Suppose -5*n + 3*z + x = 0, 2*n - 233 = 2*z - 91. Is n composite?
True
Let k(t) = 185 - t + 17*t**2 - 30*t**2 + 15*t**2. Is k(0) a prime number?
False
Is (0 - (-28)/(-7)) + 793 a composite number?
True
Let m = 2235 + 544. Is m prime?
False
Let i be 1*-13 - (1 + -2). Let h = -99 - -93. Is (-2)/h*(i + 489) prime?
False
Suppose 6*x = 10 + 2. Suppose 0 = u - x*c - 52 - 13, -3*c - 132 = -2*u. Is u a prime number?
False
Let x(k) = -3*k**2 + 4*k**2 + 2*k + 0*k + k**3 - 5*k**2. Let c be x(4). Let j(l) = 2*l + 3. Is j(c) a prime number?
True
Let x be 2 + 1/1 + 1. Suppose x*s - 20 = -s - 5*k, 4*s = 4*k + 8. Suppose 210 = 3*a - 0*m - s*m, 0 = 2*m + 6. Is a prime?
True
Suppose 4782 = 14*l - 11*l. Is l a prime number?
False
Is 1974 - (4/(-5) - 36/(-20)) prime?
True
Let u(g) = g**3 - g**2 + 99. Let y be u(0). Let o(m) = -m**3 + 2*m**2 + 5. Let q be o(0). Suppose -y - 156 = -q*l. Is l a composite number?
True
Let t be (((-32)/12*3)/2)/(-2). Suppose 2*v + h - 9440 = -t*v, 4*v + 2*h = 9444. Is v prime?
False
Suppose 5*w + 5*m + 38 = 4*w, -w - 78 = -3*m. Let k = 212 + w. Is k a prime number?
True
Suppose -3*q = 1194 + 123. Let r = -254 - q. Is r a composite number?
True
Suppose 2*n + 20 = -3*a - 0*n, 0 = 3*a - 5*n - 8. Is ((-2)/(a/538))/1 a composite number?
False
Let m(b) = 31*b**2 - 3*b - 1. Let q = -12 - -18. Let n = q - 9. Is m(n) composite?
True
Let r(b) = -16*b**3 - 2*b**2 - 24*b - 6. Is r(-10) prime?
False
Let c(o) = 2*o**2 + o - 120. Let g(n) = -1. Let r(j) = -c(j) + g(j). Is r(0) a prime number?
False
Suppose -5*g - 224 - 1676 = 0. Let i = -259 - g. Is i a prime number?
False
Let g = 7370 + -317. Is g a prime number?
False
Let u(b) = 11*b + 3. Let f be 10/(-3)*(-3 + -3). Is u(f) composite?
False
Let x = -19 - -10. Let w(t) = -11*t + 16. Let f(d) = 11*d - 16. Let i(l) = -5*f(l) - 4*w(l). Is i(x) a composite number?
True
Suppose 0 = -5*s + 4*d + 28, 4*d + 12 + 8 = 3*s. Suppose -s*z = 5*j - 2672, 2*z + 3*j - 3353 = -3*z. Is z prime?
True
Let a be 1/1 - (-1016 - -5). Suppose 2*x + 3*v = 506, -a = -4*x + 5*v - v. Is x composite?
True
Suppose 4*q - 2*v - 79826 = 0, -2*v + 48455 + 11418 = 3*q. Is q a prime number?
False
Suppose 4*z - z + 12060 = 0. Let q = -1183 - z. Is q prime?
True
Let r(m) = 28*m - 1. Let n(y) = 2*y + 2. Let k be n(-8). Let v = -11 - k. Is r(v) prime?
True
Let x(v) = -1054*v**3 - 5*v**2 - 11*v + 5. Is x(-3) a prime number?
False
Let l(k) = 3*k**3 + 8*k**2 + k - 16. Let u be l(-8). Let n = 1845 + u. Is n a prime number?
True
Is 8885/(5 - -5 - 9) composite?
True
Is (-2)/6 - 1648640/(-168) prime?
False
Is -4 + 114/((-564)/(-556) - 1) composite?
False
Let m be (-1 + (3 - 4))/(1/2). Let d(c) = -215*c - 9. Is d(m) a prime number?
False
Suppose 0 = 4*l + l - 110. Let s = -17 + l. Suppose -4*w - 4 = -0, s*z - 3150 = -5*w. Is z composite?
False
Is ((-4441246)/(-310))/((-2)/(-10)) a composite number?
False
Let z = 43